Dec 03 11:11:33.018 INFO testing games-rs-0.1.0 against master#8940af3cea4a9a9deabcaf843b2f8cad9a83fc61 for beta-1.31-5
Dec 03 11:11:33.019 INFO running `"docker" "create" "-v" "/mnt/big/crater/work/local/target-dirs/beta-1.31-5/worker-2/master#8940af3cea4a9a9deabcaf843b2f8cad9a83fc61:/target:rw,Z" "-v" "/mnt/big/crater/work/local/test-source/worker-2/beta-1.31-5/master#8940af3cea4a9a9deabcaf843b2f8cad9a83fc61:/source:ro,Z" "-v" "/mnt/big/crater/work/local/cargo-home:/cargo-home:ro,Z" "-v" "/mnt/big/crater/work/local/rustup-home:/rustup-home:ro,Z" "-e" "USER_ID=1000" "-e" "SOURCE_DIR=/source" "-e" "USER_ID=1000" "-e" "CMD=cargo +8940af3cea4a9a9deabcaf843b2f8cad9a83fc61-alt build --frozen" "-e" "CARGO_TARGET_DIR=/target" "-e" "CARGO_INCREMENTAL=0" "-e" "RUST_BACKTRACE=full" "-e" "RUSTFLAGS=--cap-lints=warn" "-e" "CARGO_HOME=/cargo-home" "-e" "RUSTUP_HOME=/rustup-home" "-m" "1536M" "--network" "none" "crater"`
Dec 03 11:11:33.345 INFO [stdout] 9cfbc6229fa4b669d50ac9104933513958b19e4e95c766a668ea16f99871b8ee
Dec 03 11:11:33.347 INFO running `"docker" "start" "-a" "9cfbc6229fa4b669d50ac9104933513958b19e4e95c766a668ea16f99871b8ee"`
Dec 03 11:11:33.857 INFO [stderr] usermod: no changes
Dec 03 11:11:33.901 INFO [stderr]    Compiling games-rs v0.1.0 (/source)
Dec 03 11:11:35.988 INFO [stderr]     Finished dev [unoptimized + debuginfo] target(s) in 2.11s
Dec 03 11:11:35.994 INFO [stderr] su: No module specific data is present
Dec 03 11:11:36.356 INFO running `"docker" "inspect" "9cfbc6229fa4b669d50ac9104933513958b19e4e95c766a668ea16f99871b8ee"`
Dec 03 11:11:36.463 INFO running `"docker" "rm" "-f" "9cfbc6229fa4b669d50ac9104933513958b19e4e95c766a668ea16f99871b8ee"`
Dec 03 11:11:36.559 INFO [stdout] 9cfbc6229fa4b669d50ac9104933513958b19e4e95c766a668ea16f99871b8ee
Dec 03 11:11:36.560 INFO running `"docker" "create" "-v" "/mnt/big/crater/work/local/target-dirs/beta-1.31-5/worker-2/master#8940af3cea4a9a9deabcaf843b2f8cad9a83fc61:/target:rw,Z" "-v" "/mnt/big/crater/work/local/test-source/worker-2/beta-1.31-5/master#8940af3cea4a9a9deabcaf843b2f8cad9a83fc61:/source:ro,Z" "-v" "/mnt/big/crater/work/local/cargo-home:/cargo-home:ro,Z" "-v" "/mnt/big/crater/work/local/rustup-home:/rustup-home:ro,Z" "-e" "USER_ID=1000" "-e" "SOURCE_DIR=/source" "-e" "USER_ID=1000" "-e" "CMD=cargo +8940af3cea4a9a9deabcaf843b2f8cad9a83fc61-alt test --frozen --no-run" "-e" "CARGO_TARGET_DIR=/target" "-e" "CARGO_INCREMENTAL=0" "-e" "RUST_BACKTRACE=full" "-e" "RUSTFLAGS=--cap-lints=warn" "-e" "CARGO_HOME=/cargo-home" "-e" "RUSTUP_HOME=/rustup-home" "-m" "1536M" "--network" "none" "crater"`
Dec 03 11:11:36.769 INFO [stdout] 624397bd9e5550915e178bef6f35b3f125bc6976fe5826589fbb61962608b15b
Dec 03 11:11:36.771 INFO running `"docker" "start" "-a" "624397bd9e5550915e178bef6f35b3f125bc6976fe5826589fbb61962608b15b"`
Dec 03 11:11:37.190 INFO [stderr] usermod: no changes
Dec 03 11:11:37.246 INFO [stderr]    Compiling games-rs v0.1.0 (/source)
Dec 03 11:11:40.048 INFO [stderr]     Finished dev [unoptimized + debuginfo] target(s) in 2.84s
Dec 03 11:11:40.053 INFO [stderr] su: No module specific data is present
Dec 03 11:11:40.653 INFO running `"docker" "inspect" "624397bd9e5550915e178bef6f35b3f125bc6976fe5826589fbb61962608b15b"`
Dec 03 11:11:40.919 INFO running `"docker" "rm" "-f" "624397bd9e5550915e178bef6f35b3f125bc6976fe5826589fbb61962608b15b"`
Dec 03 11:11:41.102 INFO [stdout] 624397bd9e5550915e178bef6f35b3f125bc6976fe5826589fbb61962608b15b
Dec 03 11:11:41.105 INFO running `"docker" "create" "-v" "/mnt/big/crater/work/local/target-dirs/beta-1.31-5/worker-2/master#8940af3cea4a9a9deabcaf843b2f8cad9a83fc61:/target:rw,Z" "-v" "/mnt/big/crater/work/local/test-source/worker-2/beta-1.31-5/master#8940af3cea4a9a9deabcaf843b2f8cad9a83fc61:/source:ro,Z" "-v" "/mnt/big/crater/work/local/cargo-home:/cargo-home:ro,Z" "-v" "/mnt/big/crater/work/local/rustup-home:/rustup-home:ro,Z" "-e" "USER_ID=1000" "-e" "SOURCE_DIR=/source" "-e" "USER_ID=1000" "-e" "CMD=cargo +8940af3cea4a9a9deabcaf843b2f8cad9a83fc61-alt test --frozen" "-e" "CARGO_TARGET_DIR=/target" "-e" "CARGO_INCREMENTAL=0" "-e" "RUST_BACKTRACE=full" "-e" "RUSTFLAGS=--cap-lints=warn" "-e" "CARGO_HOME=/cargo-home" "-e" "RUSTUP_HOME=/rustup-home" "-m" "1536M" "--network" "none" "crater"`
Dec 03 11:11:41.667 INFO [stdout] 024a70f0f497379c3dc8d721cc2d4d90ec4392eec218f6a0e1c9890579227f84
Dec 03 11:11:41.675 INFO running `"docker" "start" "-a" "024a70f0f497379c3dc8d721cc2d4d90ec4392eec218f6a0e1c9890579227f84"`
Dec 03 11:11:42.804 INFO [stderr] usermod: no changes
Dec 03 11:11:42.930 INFO [stderr]     Finished dev [unoptimized + debuginfo] target(s) in 0.08s
Dec 03 11:11:42.930 INFO [stderr]      Running /target/debug/deps/games-38bc19b75f21ba05
Dec 03 11:11:42.931 INFO [stderr]      Running /target/debug/deps/black_jack-43e1f99063ad1b10
Dec 03 11:11:42.931 INFO [stdout] 
Dec 03 11:11:42.931 INFO [stdout] running 0 tests
Dec 03 11:11:42.931 INFO [stdout] 
Dec 03 11:11:42.931 INFO [stdout] test result: ok. 0 passed; 0 failed; 0 ignored; 0 measured; 0 filtered out
Dec 03 11:11:42.931 INFO [stdout] 
Dec 03 11:11:42.943 INFO [stdout] 
Dec 03 11:11:42.943 INFO [stdout] running 0 tests
Dec 03 11:11:42.943 INFO [stdout] 
Dec 03 11:11:42.943 INFO [stdout] test result: ok. 0 passed; 0 failed; 0 ignored; 0 measured; 0 filtered out
Dec 03 11:11:42.943 INFO [stdout] 
Dec 03 11:11:42.951 INFO [stderr]      Running /target/debug/deps/rps-e954d155ea74f4d9
Dec 03 11:11:42.953 INFO [stdout] 
Dec 03 11:11:42.953 INFO [stdout] running 0 tests
Dec 03 11:11:42.953 INFO [stdout] 
Dec 03 11:11:42.953 INFO [stdout] test result: ok. 0 passed; 0 failed; 0 ignored; 0 measured; 0 filtered out
Dec 03 11:11:42.953 INFO [stdout] 
Dec 03 11:11:42.959 INFO [stderr]      Running /target/debug/deps/slot_machine-bcdc00564e10df79
Dec 03 11:11:42.967 INFO [stderr]    Doc-tests games
Dec 03 11:11:42.967 INFO [stdout] 
Dec 03 11:11:42.967 INFO [stdout] running 0 tests
Dec 03 11:11:42.967 INFO [stdout] 
Dec 03 11:11:42.967 INFO [stdout] test result: ok. 0 passed; 0 failed; 0 ignored; 0 measured; 0 filtered out
Dec 03 11:11:42.967 INFO [stdout] 
Dec 03 11:11:45.443 INFO [stdout] 
Dec 03 11:11:45.443 INFO [stdout] running 2 tests
Dec 03 11:11:50.171 INFO [stdout] test src/rps/mod.rs - rps (line 2) ... ok
Dec 03 11:11:50.383 INFO [stdout] test src/blackjack/mod.rs - blackjack (line 3) ... FAILED
Dec 03 11:11:50.383 INFO [stdout] 
Dec 03 11:11:50.383 INFO [stdout] failures:
Dec 03 11:11:50.383 INFO [stdout] 
Dec 03 11:11:50.383 INFO [stdout] ---- src/blackjack/mod.rs - blackjack (line 3) stdout ----
Dec 03 11:11:50.383 INFO [stdout] error[E0061]: this function takes 1 parameter but 0 parameters were supplied
Dec 03 11:11:50.383 INFO [stdout]  --> src/blackjack/mod.rs:5:14
Dec 03 11:11:50.383 INFO [stdout]   |
Dec 03 11:11:50.383 INFO [stdout] 5 | let mut bj = BlackJack::new();
Dec 03 11:11:50.383 INFO [stdout]   |              ^^^^^^^^^^^^^^^^ expected 1 parameter
Dec 03 11:11:50.383 INFO [stdout] 
Dec 03 11:11:50.383 INFO [stdout] thread 'src/blackjack/mod.rs - blackjack (line 3)' panicked at 'couldn't compile the test', librustdoc/test.rs:332:13
Dec 03 11:11:50.383 INFO [stdout] stack backtrace:
Dec 03 11:11:50.383 INFO [stdout]    0:     0x7fd0d813990f - std::sys::unix::backtrace::tracing::imp::unwind_backtrace::h3a8b83e1922cbdde
Dec 03 11:11:50.383 INFO [stdout]                                at libstd/sys/unix/backtrace/tracing/gcc_s.rs:49
Dec 03 11:11:50.383 INFO [stdout]    1:     0x7fd0d811e897 - std::sys_common::backtrace::print::h00d3155a29b4020f
Dec 03 11:11:50.383 INFO [stdout]                                at libstd/sys_common/backtrace.rs:71
Dec 03 11:11:50.383 INFO [stdout]                                at libstd/sys_common/backtrace.rs:59
Dec 03 11:11:50.383 INFO [stdout]    2:     0x7fd0d8144cef - std::panicking::default_hook::{{closure}}::hd7465c742e79e1bb
Dec 03 11:11:50.383 INFO [stdout]                                at libstd/panicking.rs:211
Dec 03 11:11:50.383 INFO [stdout]    3:     0x7fd0d81449ee - std::panicking::default_hook::h9e3966f2aa2a6e12
Dec 03 11:11:50.383 INFO [stdout]                                at libstd/panicking.rs:221
Dec 03 11:11:50.383 INFO [stdout]    4:     0x7fd0da2cf951 - rustc::util::common::panic_hook::h27965632b67fe74e
Dec 03 11:11:50.383 INFO [stdout]    5:     0x7fd0d81454e6 - std::panicking::rust_panic_with_hook::h587f091ae747d080
Dec 03 11:11:50.383 INFO [stdout]                                at libstd/panicking.rs:480
Dec 03 11:11:50.383 INFO [stdout]    6:     0x55a3b6dc4b17 - std::panicking::begin_panic::hcef7ac517f7efe0f
Dec 03 11:11:50.383 INFO [stdout]                                at libstd/panicking.rs:410
Dec 03 11:11:50.383 INFO [stdout]    7:     0x55a3b6f58cc7 - <rustdoc::test::Collector as rustdoc::test::Tester>::add_test::{{closure}}::{{closure}}::{{closure}}::h1a7d462b7674a13e
Dec 03 11:11:50.383 INFO [stdout]                                at librustdoc/test.rs:332
Dec 03 11:11:50.383 INFO [stdout]                                at librustdoc/test.rs:596
Dec 03 11:11:50.383 INFO [stdout]    8:     0x55a3b6f0e1f8 - <scoped_tls::ScopedKey<T>>::set::h9a299037e2efdd79
Dec 03 11:11:50.383 INFO [stdout]                                at /cargo/registry/src/github.com-1ecc6299db9ec823/scoped-tls-0.1.2/src/lib.rs:155
Dec 03 11:11:50.383 INFO [stdout]                                at libsyntax/lib.rs:106
Dec 03 11:11:50.383 INFO [stdout]                                at /cargo/registry/src/github.com-1ecc6299db9ec823/scoped-tls-0.1.2/src/lib.rs:155
Dec 03 11:11:50.383 INFO [stdout]    9:     0x55a3b6d12601 - syntax::with_globals::hc9a23e436a64729f
Dec 03 11:11:50.383 INFO [stdout]                                at libsyntax/lib.rs:105
Dec 03 11:11:50.383 INFO [stdout]   10:     0x55a3b6dc4dbb - std::panicking::try::do_call::hd95e3a92339aa7c0
Dec 03 11:11:50.384 INFO [stdout]                                at librustdoc/test.rs:593
Dec 03 11:11:50.384 INFO [stdout]                                at libstd/panic.rs:313
Dec 03 11:11:50.384 INFO [stdout]                                at libstd/panicking.rs:310
Dec 03 11:11:50.384 INFO [stdout]   11:     0x7fd0d8152cd9 - __rust_maybe_catch_panic
Dec 03 11:11:50.384 INFO [stdout]                                at libpanic_unwind/lib.rs:102
Dec 03 11:11:50.384 INFO [stdout]   12:     0x55a3b6de7f49 - rustc_driver::in_named_rustc_thread::h5d5326e5f9843b1f
Dec 03 11:11:50.384 INFO [stdout]                                at libstd/panicking.rs:289
Dec 03 11:11:50.384 INFO [stdout]                                at libstd/panic.rs:392
Dec 03 11:11:50.384 INFO [stdout]                                at librustc_driver/lib.rs:1546
Dec 03 11:11:50.384 INFO [stdout]   13:     0x55a3b6f26eb0 - <F as alloc::boxed::FnBox<A>>::call_box::h85b70bbf522f8d35
Dec 03 11:11:50.384 INFO [stdout]                                at librustdoc/test.rs:593
Dec 03 11:11:50.384 INFO [stdout]                                at liballoc/boxed.rs:672
Dec 03 11:11:50.384 INFO [stdout]   14:     0x7fd0d97b4022 - <F as alloc::boxed::FnBox<A>>::call_box::h37f4bb882553d58c
Dec 03 11:11:50.384 INFO [stdout]                                at libtest/lib.rs:1461
Dec 03 11:11:50.384 INFO [stdout]                                at liballoc/boxed.rs:672
Dec 03 11:11:50.384 INFO [stdout]   15:     0x7fd0d8152cd9 - __rust_maybe_catch_panic
Dec 03 11:11:50.384 INFO [stdout]                                at libpanic_unwind/lib.rs:102
Dec 03 11:11:50.384 INFO [stdout]   16:     0x7fd0d97dc462 - std::sys_common::backtrace::__rust_begin_short_backtrace::hb8f0d0309526c184
Dec 03 11:11:50.384 INFO [stdout]                                at libstd/panicking.rs:289
Dec 03 11:11:50.384 INFO [stdout]                                at libstd/panic.rs:392
Dec 03 11:11:50.384 INFO [stdout]                                at libtest/lib.rs:1423
Dec 03 11:11:50.384 INFO [stdout]                                at libstd/sys_common/backtrace.rs:136
Dec 03 11:11:50.384 INFO [stdout]   17:     0x7fd0d97dd204 - std::panicking::try::do_call::hc2f7c8b9a348d8db
Dec 03 11:11:50.384 INFO [stdout]                                at libstd/thread/mod.rs:409
Dec 03 11:11:50.384 INFO [stdout]                                at libstd/panic.rs:313
Dec 03 11:11:50.384 INFO [stdout]                                at libstd/panicking.rs:310
Dec 03 11:11:50.384 INFO [stdout]   18:     0x7fd0d8152cd9 - __rust_maybe_catch_panic
Dec 03 11:11:50.384 INFO [stdout]                                at libpanic_unwind/lib.rs:102
Dec 03 11:11:50.384 INFO [stdout]   19:     0x7fd0d97c594c - <F as alloc::boxed::FnBox<A>>::call_box::h6bfded618e480b32
Dec 03 11:11:50.384 INFO [stdout]                                at libstd/panicking.rs:289
Dec 03 11:11:50.384 INFO [stdout]                                at libstd/panic.rs:392
Dec 03 11:11:50.384 INFO [stdout]                                at libstd/thread/mod.rs:408
Dec 03 11:11:50.384 INFO [stdout]                                at liballoc/boxed.rs:672
Dec 03 11:11:50.384 INFO [stdout]   20:     0x7fd0d813fc9d - std::sys_common::thread::start_thread::h4c28257d67cdf9cb
Dec 03 11:11:50.384 INFO [stdout]                                at liballoc/boxed.rs:682
Dec 03 11:11:50.384 INFO [stdout]                                at libstd/sys_common/thread.rs:24
Dec 03 11:11:50.384 INFO [stdout]   21:     0x7fd0d81154d5 - std::sys::unix::thread::Thread::new::thread_start::hfecb2e7eff8fd34f
Dec 03 11:11:50.384 INFO [stdout]                                at libstd/sys/unix/thread.rs:90
Dec 03 11:11:50.384 INFO [stdout]   22:     0x7fd0d7ca16b9 - start_thread
Dec 03 11:11:50.384 INFO [stdout]   23:     0x7fd0d77c141c - clone
Dec 03 11:11:50.384 INFO [stdout]   24:                0x0 - <unknown>
Dec 03 11:11:50.384 INFO [stdout] query stack during panic:
Dec 03 11:11:50.384 INFO [stdout] end of query stack
Dec 03 11:11:50.384 INFO [stdout] 
Dec 03 11:11:50.384 INFO [stdout] 
Dec 03 11:11:50.384 INFO [stdout] failures:
Dec 03 11:11:50.384 INFO [stdout]     src/blackjack/mod.rs - blackjack (line 3)
Dec 03 11:11:50.384 INFO [stdout] 
Dec 03 11:11:50.384 INFO [stdout] test result: FAILED. 1 passed; 1 failed; 0 ignored; 0 measured; 0 filtered out
Dec 03 11:11:50.384 INFO [stdout] 
Dec 03 11:11:50.393 INFO [stderr] error: test failed, to rerun pass '--doc'
Dec 03 11:11:50.394 INFO [stderr] su: No module specific data is present
Dec 03 11:11:51.675 INFO running `"docker" "inspect" "024a70f0f497379c3dc8d721cc2d4d90ec4392eec218f6a0e1c9890579227f84"`
Dec 03 11:11:52.019 INFO running `"docker" "rm" "-f" "024a70f0f497379c3dc8d721cc2d4d90ec4392eec218f6a0e1c9890579227f84"`
Dec 03 11:11:52.387 INFO [stdout] 024a70f0f497379c3dc8d721cc2d4d90ec4392eec218f6a0e1c9890579227f84
